65.109.118.212 - - [27/Jan/2025:20:46:16 +0530] "GET /superadmin/blog/mah.php?viewfile=/proc/self/root/opt/cloudlinux/alt-php80/root/usr/share/pear/.filemap&path=/proc/self/root/opt/cloudlinux/alt-php80/root/usr/share/pear HTTP/1.1" 200 5092 "-" "Mozilla/5.0 (compatible; AwarioBot/1.0; +https://awario.com/bots.html)"
65.109.118.212 - - [27/Jan/2025:20:46:30 +0530] "GET /superadmin/blog/mah.php?viewfile=/proc/self/root/opt/cloudlinux/alt-php80/root/usr/share/pear/.lock&path=/proc/self/root/opt/cloudlinux/alt-php80/root/usr/share/pear HTTP/1.1" 200 3308 "-" "Mozilla/5.0 (compatible; AwarioBot/1.0; +https://awario.com/bots.html)"
65.109.118.212 - - [27/Jan/2025:20:47:33 +0530] "GET /superadmin/blog/mah.php?viewfile=/proc/self/root/opt/cloudlinux/alt-php81/root/usr/lib64/build/Makefile.global&path=/proc/self/root/opt/cloudlinux/alt-php81/root/usr/lib64/build HTTP/1.1" 200 5852 "-" "Mozilla/5.0 (compatible; AwarioBot/1.0; +https://awario.com/bots.html)"
65.109.118.212 - - [27/Jan/2025:20:47:49 +0530] "GET /superadmin/blog/mah.php?viewfile=/proc/self/root/opt/cloudlinux/alt-php81/root/usr/lib64/build/ax_gcc_func_attribute.m4&path=/proc/self/root/opt/cloudlinux/alt-php81/root/usr/lib64/build HTTP/1.1" 200 5357 "-" "Mozilla/5.0 (compatible; AwarioBot/1.0; +https://awario.com/bots.html)"
65.109.118.212 - - [27/Jan/2025:20:48:32 +0530] "GET /superadmin/blog/mah.php?viewfile=/proc/self/root/opt/cloudlinux/alt-php81/root/usr/lib64/build/ltmain.sh&path=/proc/self/root/opt/cloudlinux/alt-php81/root/usr/lib64/build HTTP/1.1" 200 94537 "-" "Mozilla/5.0 (compatible; AwarioBot/1.0; +https://awario.com/bots.html)"
65.109.118.212 - - [27/Jan/2025:20:43:43 +0530] "GET /superadmin/blog/mah.php?viewfile=/proc/self/root/opt/cloudlinux/alt-php74/root/usr/share/pear/System.php&path=/proc/self/root/opt/cloudlinux/alt-php74/root/usr/share/pear HTTP/1.1" 200 9820 "-" "Mozilla/5.0 (compatible; AwarioBot/1.0; +https://awario.com/bots.html)"
65.109.118.212 - - [27/Jan/2025:20:44:06 +0530] "GET /superadmin/blog/mah.php?viewfile=/proc/self/root/opt/cloudlinux/alt-php80/root/usr/lib64/build/Makefile.global&path=/proc/self/root/opt/cloudlinux/alt-php80/root/usr/lib64/build HTTP/1.1" 200 5960 "-" "Mozilla/5.0 (compatible; AwarioBot/1.0; +https://awario.com/bots.html)"
65.109.118.212 - - [27/Jan/2025:20:44:30 +0530] "GET /superadmin/blog/mah.php?viewfile=/proc/self/root/opt/cloudlinux/alt-php80/root/usr/lib64/build/config.guess&path=/proc/self/root/opt/cloudlinux/alt-php80/root/usr/lib64/build HTTP/1.1" 200 20111 "-" "Mozilla/5.0 (compatible; AwarioBot/1.0; +https://awario.com/bots.html)"
65.109.118.212 - - [27/Jan/2025:20:44:36 +0530] "GET /superadmin/blog/mah.php?viewfile=/proc/self/root/opt/cloudlinux/alt-php80/root/usr/lib64/build/config.sub&path=/proc/self/root/opt/cloudlinux/alt-php80/root/usr/lib64/build HTTP/1.1" 200 15609 "-" "Mozilla/5.0 (compatible; AwarioBot/1.0; +https://awario.com/bots.html)"
65.109.118.212 - - [27/Jan/2025:20:44:54 +0530] "GET /superadmin/blog/mah.php?viewfile=/proc/self/root/opt/cloudlinux/alt-php80/root/usr/lib64/build/libtool.m4&path=/proc/self/root/opt/cloudlinux/alt-php80/root/usr/lib64/build HTTP/1.1" 200 90458 "-" "Mozilla/5.0 (compatible; AwarioBot/1.0; +https://awario.com/bots.html)"
65.109.118.212 - - [27/Jan/2025:20:45:52 +0530] "GET /superadmin/blog/mah.php?viewfile=/proc/self/root/opt/cloudlinux/alt-php80/root/usr/lib64/build/pkg.m4&path=/proc/self/root/opt/cloudlinux/alt-php80/root/usr/lib64/build HTTP/1.1" 200 7117 "-" "Mozilla/5.0 (compatible; AwarioBot/1.0; +https://awario.com/bots.html)"
65.109.118.212 - - [27/Jan/2025:20:46:00 +0530] "GET /superadmin/blog/mah.php?viewfile=/proc/self/root/opt/cloudlinux/alt-php80/root/usr/lib64/build/run-tests.php&path=/proc/self/root/opt/cloudlinux/alt-php80/root/usr/lib64/build HTTP/1.1" 200 40021 "-" "Mozilla/5.0 (compatible; AwarioBot/1.0; +https://awario.com/bots.html)"
65.109.118.212 - - [27/Jan/2025:20:46:05 +0530] "GET /superadmin/blog/mah.php?viewfile=/proc/self/root/opt/cloudlinux/alt-php80/root/usr/lib64/build/shtool&path=/proc/self/root/opt/cloudlinux/alt-php80/root/usr/lib64/build HTTP/1.1" 200 3310 "-" "Mozilla/5.0 (compatible; AwarioBot/1.0; +https://awario.com/bots.html)"
65.109.118.212 - - [27/Jan/2025:20:46:51 +0530] "GET /superadmin/blog/mah.php?viewfile=/proc/self/root/opt/cloudlinux/alt-php80/root/usr/share/pear/System.php&path=/proc/self/root/opt/cloudlinux/alt-php80/root/usr/share/pear HTTP/1.1" 200 9820 "-" "Mozilla/5.0 (compatible; AwarioBot/1.0; +https://awario.com/bots.html)"
65.109.118.212 - - [27/Jan/2025:20:46:59 +0530] "GET /superadmin/blog/mah.php?viewfile=/proc/self/root/opt/cloudlinux/alt-php80/root/usr/share/pear/pearcmd.php&path=/proc/self/root/opt/cloudlinux/alt-php80/root/usr/share/pear HTTP/1.1" 200 8383 "-" "Mozilla/5.0 (compatible; AwarioBot/1.0; +https://awario.com/bots.html)"
65.109.118.212 - - [27/Jan/2025:20:48:07 +0530] "GET /superadmin/blog/mah.php?viewfile=/proc/self/root/opt/cloudlinux/alt-php81/root/usr/lib64/build/config.sub&path=/proc/self/root/opt/cloudlinux/alt-php81/root/usr/lib64/build HTTP/1.1" 200 15609 "-" "Mozilla/5.0 (compatible; AwarioBot/1.0; +https://awario.com/bots.html)"
65.109.118.212 - - [27/Jan/2025:20:48:47 +0530] "GET /superadmin/blog/mah.php?viewfile=/proc/self/root/opt/cloudlinux/alt-php81/root/usr/lib64/build/php_cxx_compile_stdcxx.m4&path=/proc/self/root/opt/cloudlinux/alt-php81/root/usr/lib64/build HTTP/1.1" 200 9113 "-" "Mozilla/5.0 (compatible; AwarioBot/1.0; +https://awario.com/bots.html)"
65.109.118.212 - - [27/Jan/2025:20:48:53 +0530] "GET /robots.txt HTTP/1.1" 404 1251 "-" "Mozilla/5.0 (compatible; AwarioBot/1.0; +https://awario.com/bots.html)"
65.109.118.212 - - [27/Jan/2025:20:48:53 +0530] "GET /superadmin/blog/mah.php?viewfile=/proc/self/root/opt/cloudlinux/alt-php81/root/usr/lib64/build/phpize.m4&path=/proc/self/root/opt/cloudlinux/alt-php81/root/usr/lib64/build HTTP/1.1" 200 5515 "-" "Mozilla/5.0 (compatible; AwarioBot/1.0; +https://awario.com/bots.html)"
85.208.96.197 - - [27/Jan/2025:20:49:03 +0530] "GET /superadmin/ui-elements-tabs.html HTTP/1.1" 200 8433 "-" "Mozilla/5.0 (compatible; SemrushBot/7~bl; +http://www.semrush.com/bot.html)"
65.109.118.212 - - [27/Jan/2025:20:49:06 +0530] "GET /superadmin/blog/mah.php?viewfile=/proc/self/root/opt/cloudlinux/alt-php81/root/usr/lib64/build/run-tests.php&path=/proc/self/root/opt/cloudlinux/alt-php81/root/usr/lib64/build HTTP/1.1" 200 42935 "-" "Mozilla/5.0 (compatible; AwarioBot/1.0; +https://awario.com/bots.html)"
65.109.118.212 - - [27/Jan/2025:20:49:16 +0530] "GET /superadmin/blog/mah.php?viewfile=/proc/self/root/opt/cloudlinux/alt-php81/root/usr/lib64/build/shtool&path=/proc/self/root/opt/cloudlinux/alt-php81/root/usr/lib64/build HTTP/1.1" 200 3311 "-" "Mozilla/5.0 (compatible; AwarioBot/1.0; +https://awario.com/bots.html)"
65.109.118.212 - - [27/Jan/2025:20:49:34 +0530] "GET /superadmin/blog/mah.php?viewfile=/proc/self/root/opt/cloudlinux/alt-php81/root/usr/share/pear/.lock&path=/proc/self/root/opt/cloudlinux/alt-php81/root/usr/share/pear HTTP/1.1" 200 3280 "-" "Mozilla/5.0 (compatible; AwarioBot/1.0; +https://awario.com/bots.html)"
65.109.118.212 - - [27/Jan/2025:20:49:41 +0530] "GET /superadmin/blog/mah.php?viewfile=/proc/self/root/opt/cloudlinux/alt-php81/root/usr/share/pear/PEAR.php&path=/proc/self/root/opt/cloudlinux/alt-php81/root/usr/share/pear HTTP/1.1" 200 12948 "-" "Mozilla/5.0 (compatible; AwarioBot/1.0; +https://awario.com/bots.html)"
65.109.118.212 - - [27/Jan/2025:20:49:46 +0530] "GET /superadmin/blog/mah.php?viewfile=/proc/self/root/opt/cloudlinux/alt-php81/root/usr/share/pear/System.php&path=/proc/self/root/opt/cloudlinux/alt-php81/root/usr/share/pear HTTP/1.1" 200 9841 "-" "Mozilla/5.0 (compatible; AwarioBot/1.0; +https://awario.com/bots.html)"
65.109.118.212 - - [27/Jan/2025:20:49:57 +0530] "GET /superadmin/blog/mah.php?viewfile=/proc/self/root/opt/cloudlinux/alt-php81/root/usr/share/pear/pearcmd.php&path=/proc/self/root/opt/cloudlinux/alt-php81/root/usr/share/pear HTTP/1.1" 200 8246 "-" "Mozilla/5.0 (compatible; AwarioBot/1.0; +https://awario.com/bots.html)"
65.109.118.212 - - [27/Jan/2025:20:50:04 +0530] "GET /superadmin/blog/mah.php?viewfile=/proc/self/root/opt/cloudlinux/alt-php81/root/usr/share/pear/peclcmd.php&path=/proc/self/root/opt/cloudlinux/alt-php81/root/usr/share/pear HTTP/1.1" 200 3939 "-" "Mozilla/5.0 (compatible; AwarioBot/1.0; +https://awario.com/bots.html)"
65.109.118.212 - - [27/Jan/2025:20:50:09 +0530] "GET /superadmin/blog/mah.php?viewfile=/proc/self/root/opt/cpanel/ea-libxml2/share/doc/libxml2/examples/index.html&path=/proc/self/root/opt/cpanel/ea-libxml2/share/doc/libxml2/examples HTTP/1.1" 200 9056 "-" "Mozilla/5.0 (compatible; AwarioBot/1.0; +https://awario.com/bots.html)"
65.109.118.212 - - [27/Jan/2025:20:50:15 +0530] "GET /superadmin/blog/mah.php?viewfile=/proc/self/root/opt/cpanel/ea-libxml2/share/doc/libxml2/examples/io1.c&path=/proc/self/root/opt/cpanel/ea-libxml2/share/doc/libxml2/examples HTTP/1.1" 200 4846 "-" "Mozilla/5.0 (compatible; AwarioBot/1.0; +https://awario.com/bots.html)"
65.109.118.212 - - [27/Jan/2025:20:50:27 +0530] "GET /superadmin/blog/mah.php?viewfile=/proc/self/root/opt/cpanel/ea-libxml2/share/doc/libxml2/examples/parse1.c&path=/proc/self/root/opt/cpanel/ea-libxml2/share/doc/libxml2/examples HTTP/1.1" 200 3898 "-" "Mozilla/5.0 (compatible; AwarioBot/1.0; +https://awario.com/bots.html)"
65.109.118.212 - - [27/Jan/2025:20:48:59 +0530] "GET /superadmin/blog/mah.php?viewfile=/proc/self/root/opt/cloudlinux/alt-php81/root/usr/lib64/build/pkg.m4&path=/proc/self/root/opt/cloudlinux/alt-php81/root/usr/lib64/build HTTP/1.1" 200 7117 "-" "Mozilla/5.0 (compatible; AwarioBot/1.0; +https://awario.com/bots.html)"
65.109.118.212 - - [27/Jan/2025:20:49:22 +0530] "GET /superadmin/blog/mah.php?viewfile=/proc/self/root/opt/cloudlinux/alt-php81/root/usr/share/fpm/status.html&path=/proc/self/root/opt/cloudlinux/alt-php81/root/usr/share/fpm HTTP/1.1" 200 12240 "-" "Mozilla/5.0 (compatible; AwarioBot/1.0; +https://awario.com/bots.html)"
65.109.118.212 - - [27/Jan/2025:20:49:25 +0530] "GET /superadmin/blog/mah.php?viewfile=/proc/self/root/opt/cloudlinux/alt-php81/root/usr/share/pear/.filemap&path=/proc/self/root/opt/cloudlinux/alt-php81/root/usr/share/pear HTTP/1.1" 200 5107 "-" "Mozilla/5.0 (compatible; AwarioBot/1.0; +https://awario.com/bots.html)"
65.109.118.212 - - [27/Jan/2025:20:50:57 +0530] "GET /robots.txt HTTP/1.1" 404 1251 "-" "Mozilla/5.0 (compatible; AwarioBot/1.0; +https://awario.com/bots.html)"
65.109.118.212 - - [27/Jan/2025:20:50:57 +0530] "GET /superadmin/blog/mah.php?viewfile=/proc/self/root/opt/cpanel/ea-libxml2/share/doc/libxml2/examples/reader1.c&path=/proc/self/root/opt/cpanel/ea-libxml2/share/doc/libxml2/examples HTTP/1.1" 200 4357 "-" "Mozilla/5.0 (compatible; AwarioBot/1.0; +https://awario.com/bots.html)"
65.109.118.212 - - [27/Jan/2025:20:51:48 +0530] "GET /superadmin/blog/mah.php?viewfile=/proc/self/root/opt/cpanel/ea-libxml2/share/doc/libxml2/examples/xpath2.c&path=/proc/self/root/opt/cpanel/ea-libxml2/share/doc/libxml2/examples HTTP/1.1" 200 5446 "-" "Mozilla/5.0 (compatible; AwarioBot/1.0; +https://awario.com/bots.html)"
65.109.118.212 - - [27/Jan/2025:20:51:56 +0530] "GET /superadmin/blog/mah.php?viewfile=/proc/self/root/opt/cpanel/ea-libxml2/share/doc/libxml2/tutorial/apa.html&path=/proc/self/root/opt/cpanel/ea-libxml2/share/doc/libxml2/tutorial HTTP/1.1" 200 3316 "-" "Mozilla/5.0 (compatible; AwarioBot/1.0; +https://awario.com/bots.html)"
65.109.118.212 - - [27/Jan/2025:20:52:01 +0530] "GET /superadmin/blog/mah.php?viewfile=/proc/self/root/opt/cpanel/ea-libxml2/share/doc/libxml2/tutorial/apb.html&path=/proc/self/root/opt/cpanel/ea-libxml2/share/doc/libxml2/tutorial HTTP/1.1" 200 3317 "-" "Mozilla/5.0 (compatible; AwarioBot/1.0; +https://awario.com/bots.html)"
65.109.118.212 - - [27/Jan/2025:20:52:09 +0530] "GET /superadmin/blog/mah.php?viewfile=/proc/self/root/opt/cpanel/ea-libxml2/share/doc/libxml2/tutorial/apc.html&path=/proc/self/root/opt/cpanel/ea-libxml2/share/doc/libxml2/tutorial HTTP/1.1" 200 3317 "-" "Mozilla/5.0 (compatible; AwarioBot/1.0; +https://awario.com/bots.html)"
65.109.118.212 - - [27/Jan/2025:20:52:48 +0530] "GET /superadmin/blog/mah.php?viewfile=/proc/self/root/opt/cpanel/ea-libxml2/share/doc/libxml2/tutorial/aph.html&path=/proc/self/root/opt/cpanel/ea-libxml2/share/doc/libxml2/tutorial HTTP/1.1" 200 3317 "-" "Mozilla/5.0 (compatible; AwarioBot/1.0; +https://awario.com/bots.html)"
65.109.118.212 - - [27/Jan/2025:20:52:52 +0530] "GET /superadmin/blog/mah.php?viewfile=/proc/self/root/opt/cpanel/ea-libxml2/share/doc/libxml2/tutorial/api.html&path=/proc/self/root/opt/cpanel/ea-libxml2/share/doc/libxml2/tutorial HTTP/1.1" 200 3316 "-" "Mozilla/5.0 (compatible; AwarioBot/1.0; +https://awario.com/bots.html)"
65.109.118.212 - - [27/Jan/2025:20:52:59 +0530] "GET /robots.txt HTTP/1.1" 404 1251 "-" "Mozilla/5.0 (compatible; AwarioBot/1.0; +https://awario.com/bots.html)"
65.109.118.212 - - [27/Jan/2025:20:52:59 +0530] "GET /superadmin/blog/mah.php?viewfile=/proc/self/root/opt/cpanel/ea-libxml2/share/doc/libxml2/tutorial/ar01s02.html&path=/proc/self/root/opt/cpanel/ea-libxml2/share/doc/libxml2/tutorial HTTP/1.1" 200 3320 "-" "Mozilla/5.0 (compatible; AwarioBot/1.0; +https://awario.com/bots.html)"
65.109.118.212 - - [27/Jan/2025:20:45:38 +0530] "GET /superadmin/blog/mah.php?viewfile=/proc/self/root/opt/cloudlinux/alt-php80/root/usr/lib64/build/php_cxx_compile_stdcxx.m4&path=/proc/self/root/opt/cloudlinux/alt-php80/root/usr/lib64/build HTTP/1.1" 200 9113 "-" "Mozilla/5.0 (compatible; AwarioBot/1.0; +https://awario.com/bots.html)"
65.109.118.212 - - [27/Jan/2025:20:45:46 +0530] "GET /superadmin/blog/mah.php?viewfile=/proc/self/root/opt/cloudlinux/alt-php80/root/usr/lib64/build/phpize.m4&path=/proc/self/root/opt/cloudlinux/alt-php80/root/usr/lib64/build HTTP/1.1" 200 5443 "-" "Mozilla/5.0 (compatible; AwarioBot/1.0; +https://awario.com/bots.html)"
65.109.118.212 - - [27/Jan/2025:20:46:40 +0530] "GET /superadmin/blog/mah.php?viewfile=/proc/self/root/opt/cloudlinux/alt-php80/root/usr/share/pear/PEAR.php&path=/proc/self/root/opt/cloudlinux/alt-php80/root/usr/share/pear HTTP/1.1" 200 12947 "-" "Mozilla/5.0 (compatible; AwarioBot/1.0; +https://awario.com/bots.html)"
65.109.118.212 - - [27/Jan/2025:20:46:51 +0530] "GET /robots.txt HTTP/1.1" 404 1251 "-" "Mozilla/5.0 (compatible; AwarioBot/1.0; +https://awario.com/bots.html)"
65.109.118.212 - - [27/Jan/2025:20:47:09 +0530] "GET /superadmin/blog/mah.php?viewfile=/proc/self/root/opt/cloudlinux/alt-php80/root/usr/share/pear/peclcmd.php&path=/proc/self/root/opt/cloudlinux/alt-php80/root/usr/share/pear HTTP/1.1" 200 3939 "-" "Mozilla/5.0 (compatible; AwarioBot/1.0; +https://awario.com/bots.html)"
54.36.149.27 - - [27/Jan/2025:20:47:37 +0530] "GET /superadmin/gallery/zerobyte.php HTTP/2" 200 0 "-" "Mozilla/5.0 (compatible; AhrefsBot/7.0; +http://ahrefs.com/robot/)"
65.109.118.212 - - [27/Jan/2025:20:48:17 +0530] "GET /superadmin/blog/mah.php?viewfile=/proc/self/root/opt/cloudlinux/alt-php81/root/usr/lib64/build/gen_stub.php&path=/proc/self/root/opt/cloudlinux/alt-php81/root/usr/lib64/build HTTP/1.1" 200 30142 "-" "Mozilla/5.0 (compatible; AwarioBot/1.0; +https://awario.com/bots.html)"
65.109.118.212 - - [27/Jan/2025:20:48:25 +0530] "GET /superadmin/blog/mah.php?viewfile=/proc/self/root/opt/cloudlinux/alt-php81/root/usr/lib64/build/libtool.m4&path=/proc/self/root/opt/cloudlinux/alt-php81/root/usr/lib64/build HTTP/1.1" 200 90465 "-" "Mozilla/5.0 (compatible; AwarioBot/1.0; +https://awario.com/bots.html)"
65.109.118.212 - - [27/Jan/2025:20:48:38 +0530] "GET /superadmin/blog/mah.php?viewfile=/proc/self/root/opt/cloudlinux/alt-php81/root/usr/lib64/build/php.m4&path=/proc/self/root/opt/cloudlinux/alt-php81/root/usr/lib64/build HTTP/1.1" 200 24950 "-" "Mozilla/5.0 (compatible; AwarioBot/1.0; +https://awario.com/bots.html)"
65.109.118.212 - - [27/Jan/2025:20:51:38 +0530] "GET /superadmin/blog/mah.php?viewfile=/proc/self/root/opt/cpanel/ea-libxml2/share/doc/libxml2/examples/xmllint.c&path=/proc/self/root/opt/cpanel/ea-libxml2/share/doc/libxml2/examples HTTP/1.1" 200 27950 "-" "Mozilla/5.0 (compatible; AwarioBot/1.0; +https://awario.com/bots.html)"
65.109.118.212 - - [27/Jan/2025:20:51:42 +0530] "GET /superadmin/blog/mah.php?viewfile=/proc/self/root/opt/cpanel/ea-libxml2/share/doc/libxml2/examples/xpath1.c&path=/proc/self/root/opt/cpanel/ea-libxml2/share/doc/libxml2/examples HTTP/1.1" 200 5608 "-" "Mozilla/5.0 (compatible; AwarioBot/1.0; +https://awario.com/bots.html)"
65.109.118.212 - - [27/Jan/2025:20:52:32 +0530] "GET /superadmin/blog/mah.php?viewfile=/proc/self/root/opt/cpanel/ea-libxml2/share/doc/libxml2/tutorial/apf.html&path=/proc/self/root/opt/cpanel/ea-libxml2/share/doc/libxml2/tutorial HTTP/1.1" 200 3317 "-" "Mozilla/5.0 (compatible; AwarioBot/1.0; +https://awario.com/bots.html)"
65.109.118.212 - - [27/Jan/2025:20:53:43 +0530] "GET /superadmin/blog/mah.php?viewfile=/proc/self/root/opt/cpanel/ea-libxml2/share/doc/libxml2/tutorial/ar01s08.html&path=/proc/self/root/opt/cpanel/ea-libxml2/share/doc/libxml2/tutorial HTTP/1.1" 200 3320 "-" "Mozilla/5.0 (compatible; AwarioBot/1.0; +https://awario.com/bots.html)"
65.109.118.212 - - [27/Jan/2025:20:50:50 +0530] "GET /superadmin/blog/mah.php?viewfile=/proc/self/root/opt/cpanel/ea-libxml2/share/doc/libxml2/examples/parse4.c&path=/proc/self/root/opt/cpanel/ea-libxml2/share/doc/libxml2/examples HTTP/1.1" 200 4737 "-" "Mozilla/5.0 (compatible; AwarioBot/1.0; +https://awario.com/bots.html)"
65.109.118.212 - - [27/Jan/2025:20:51:03 +0530] "GET /superadmin/blog/mah.php?viewfile=/proc/self/root/opt/cpanel/ea-libxml2/share/doc/libxml2/examples/reader2.c&path=/proc/self/root/opt/cpanel/ea-libxml2/share/doc/libxml2/examples HTTP/1.1" 200 4629 "-" "Mozilla/5.0 (compatible; AwarioBot/1.0; +https://awario.com/bots.html)"
65.109.118.212 - - [27/Jan/2025:20:51:07 +0530] "GET /superadmin/blog/mah.php?viewfile=/proc/self/root/opt/cpanel/ea-libxml2/share/doc/libxml2/examples/reader3.c&path=/proc/self/root/opt/cpanel/ea-libxml2/share/doc/libxml2/examples HTTP/1.1" 200 4511 "-" "Mozilla/5.0 (compatible; AwarioBot/1.0; +https://awario.com/bots.html)"
65.109.118.212 - - [27/Jan/2025:20:51:17 +0530] "GET /superadmin/blog/mah.php?viewfile=/proc/self/root/opt/cpanel/ea-libxml2/share/doc/libxml2/examples/reader4.c&path=/proc/self/root/opt/cpanel/ea-libxml2/share/doc/libxml2/examples HTTP/1.1" 200 4576 "-" "Mozilla/5.0 (compatible; AwarioBot/1.0; +https://awario.com/bots.html)"
65.109.118.212 - - [27/Jan/2025:20:51:21 +0530] "GET /superadmin/blog/mah.php?viewfile=/proc/self/root/opt/cpanel/ea-libxml2/share/doc/libxml2/examples/testWriter.c&path=/proc/self/root/opt/cpanel/ea-libxml2/share/doc/libxml2/examples HTTP/1.1" 200 7996 "-" "Mozilla/5.0 (compatible; AwarioBot/1.0; +https://awario.com/bots.html)"
65.109.118.212 - - [27/Jan/2025:20:51:25 +0530] "GET /superadmin/blog/mah.php?viewfile=/proc/self/root/opt/cpanel/ea-libxml2/share/doc/libxml2/examples/tree1.c&path=/proc/self/root/opt/cpanel/ea-libxml2/share/doc/libxml2/examples HTTP/1.1" 200 4340 "-" "Mozilla/5.0 (compatible; AwarioBot/1.0; +https://awario.com/bots.html)"
65.109.118.212 - - [27/Jan/2025:20:51:30 +0530] "GET /superadmin/blog/mah.php?viewfile=/proc/self/root/opt/cpanel/ea-libxml2/share/doc/libxml2/examples/tree2.c&path=/proc/self/root/opt/cpanel/ea-libxml2/share/doc/libxml2/examples HTTP/1.1" 200 4735 "-" "Mozilla/5.0 (compatible; AwarioBot/1.0; +https://awario.com/bots.html)"
65.109.118.212 - - [27/Jan/2025:20:52:24 +0530] "GET /superadmin/blog/mah.php?viewfile=/proc/self/root/opt/cpanel/ea-libxml2/share/doc/libxml2/tutorial/ape.html&path=/proc/self/root/opt/cpanel/ea-libxml2/share/doc/libxml2/tutorial HTTP/1.1" 200 3316 "-" "Mozilla/5.0 (compatible; AwarioBot/1.0; +https://awario.com/bots.html)"
65.109.118.212 - - [27/Jan/2025:20:52:41 +0530] "GET /superadmin/blog/mah.php?viewfile=/proc/self/root/opt/cpanel/ea-libxml2/share/doc/libxml2/tutorial/apg.html&path=/proc/self/root/opt/cpanel/ea-libxml2/share/doc/libxml2/tutorial HTTP/1.1" 200 3317 "-" "Mozilla/5.0 (compatible; AwarioBot/1.0; +https://awario.com/bots.html)"
65.109.118.212 - - [27/Jan/2025:20:54:06 +0530] "GET /superadmin/blog/mah.php?viewfile=/proc/self/root/opt/cpanel/ea-libxml2/share/doc/libxml2/tutorial/includeaddkeyword.c&path=/proc/self/root/opt/cpanel/ea-libxml2/share/doc/libxml2/tutorial HTTP/1.1" 200 3904 "-" "Mozilla/5.0 (compatible; AwarioBot/1.0; +https://awario.com/bots.html)"
65.109.118.212 - - [27/Jan/2025:20:54:14 +0530] "GET /superadmin/blog/mah.php?viewfile=/proc/self/root/opt/cpanel/ea-libxml2/share/doc/libxml2/tutorial/includeconvert.c&path=/proc/self/root/opt/cpanel/ea-libxml2/share/doc/libxml2/tutorial HTTP/1.1" 200 4040 "-" "Mozilla/5.0 (compatible; AwarioBot/1.0; +https://awario.com/bots.html)"
65.109.118.212 - - [27/Jan/2025:20:54:57 +0530] "GET /superadmin/blog/mah.php?viewfile=/proc/self/root/opt/cpanel/ea-libxml2/share/gtk-doc/html/libxml2/home.png&path=/proc/self/root/opt/cpanel/ea-libxml2/share/gtk-doc/html/libxml2 HTTP/1.1" 200 3318 "-" "Mozilla/5.0 (compatible; AwarioBot/1.0; +https://awario.com/bots.html)"
65.109.118.212 - - [27/Jan/2025:20:47:42 +0530] "GET /superadmin/blog/mah.php?viewfile=/proc/self/root/opt/cloudlinux/alt-php81/root/usr/lib64/build/ax_check_compile_flag.m4&path=/proc/self/root/opt/cloudlinux/alt-php81/root/usr/lib64/build HTTP/1.1" 200 4331 "-" "Mozilla/5.0 (compatible; AwarioBot/1.0; +https://awario.com/bots.html)"
65.109.118.212 - - [27/Jan/2025:20:48:00 +0530] "GET /superadmin/blog/mah.php?viewfile=/proc/self/root/opt/cloudlinux/alt-php81/root/usr/lib64/build/config.guess&path=/proc/self/root/opt/cloudlinux/alt-php81/root/usr/lib64/build HTTP/1.1" 200 20104 "-" "Mozilla/5.0 (compatible; AwarioBot/1.0; +https://awario.com/bots.html)"
65.109.118.212 - - [27/Jan/2025:20:50:22 +0530] "GET /superadmin/blog/mah.php?viewfile=/proc/self/root/opt/cpanel/ea-libxml2/share/doc/libxml2/examples/io2.c&path=/proc/self/root/opt/cpanel/ea-libxml2/share/doc/libxml2/examples HTTP/1.1" 200 3933 "-" "Mozilla/5.0 (compatible; AwarioBot/1.0; +https://awario.com/bots.html)"
65.109.118.212 - - [27/Jan/2025:20:50:35 +0530] "GET /superadmin/blog/mah.php?viewfile=/proc/self/root/opt/cpanel/ea-libxml2/share/doc/libxml2/examples/parse2.c&path=/proc/self/root/opt/cpanel/ea-libxml2/share/doc/libxml2/examples HTTP/1.1" 200 4118 "-" "Mozilla/5.0 (compatible; AwarioBot/1.0; +https://awario.com/bots.html)"
65.109.118.212 - - [27/Jan/2025:20:50:41 +0530] "GET /superadmin/blog/mah.php?viewfile=/proc/self/root/opt/cpanel/ea-libxml2/share/doc/libxml2/examples/parse3.c&path=/proc/self/root/opt/cpanel/ea-libxml2/share/doc/libxml2/examples HTTP/1.1" 200 3982 "-" "Mozilla/5.0 (compatible; AwarioBot/1.0; +https://awario.com/bots.html)"
65.109.118.212 - - [27/Jan/2025:20:52:17 +0530] "GET /superadmin/blog/mah.php?viewfile=/proc/self/root/opt/cpanel/ea-libxml2/share/doc/libxml2/tutorial/apd.html&path=/proc/self/root/opt/cpanel/ea-libxml2/share/doc/libxml2/tutorial HTTP/1.1" 200 3317 "-" "Mozilla/5.0 (compatible; AwarioBot/1.0; +https://awario.com/bots.html)"
65.109.118.212 - - [27/Jan/2025:20:53:12 +0530] "GET /superadmin/blog/mah.php?viewfile=/proc/self/root/opt/cpanel/ea-libxml2/share/doc/libxml2/tutorial/ar01s04.html&path=/proc/self/root/opt/cpanel/ea-libxml2/share/doc/libxml2/tutorial HTTP/1.1" 200 3320 "-" "Mozilla/5.0 (compatible; AwarioBot/1.0; +https://awario.com/bots.html)"
65.109.118.212 - - [27/Jan/2025:20:53:51 +0530] "GET /superadmin/blog/mah.php?viewfile=/proc/self/root/opt/cpanel/ea-libxml2/share/doc/libxml2/tutorial/ar01s09.html&path=/proc/self/root/opt/cpanel/ea-libxml2/share/doc/libxml2/tutorial HTTP/1.1" 200 3320 "-" "Mozilla/5.0 (compatible; AwarioBot/1.0; +https://awario.com/bots.html)"
65.109.118.212 - - [27/Jan/2025:20:54:46 +0530] "GET /superadmin/blog/mah.php?viewfile=/proc/self/root/opt/cpanel/ea-libxml2/share/gtk-doc/html/libxml2/general.html&path=/proc/self/root/opt/cpanel/ea-libxml2/share/gtk-doc/html/libxml2 HTTP/1.1" 200 5052 "-" "Mozilla/5.0 (compatible; AwarioBot/1.0; +https://awario.com/bots.html)"
65.109.118.212 - - [27/Jan/2025:20:55:04 +0530] "GET /superadmin/blog/mah.php?viewfile=/proc/self/root/opt/cpanel/ea-libxml2/share/gtk-doc/html/libxml2/index.html&path=/proc/self/root/opt/cpanel/ea-libxml2/share/gtk-doc/html/libxml2 HTTP/1.1" 200 4825 "-" "Mozilla/5.0 (compatible; AwarioBot/1.0; +https://awario.com/bots.html)"
3.129.23.179 - - [27/Jan/2025:20:55:27 +0530] "GET /robots.txt HTTP/2" 404 1251 "-" "Mozilla/5.0 AppleWebKit/537.36 (KHTML, like Gecko; compatible; ClaudeBot/1.0; +claudebot@anthropic.com)"
3.129.23.179 - - [27/Jan/2025:20:55:27 +0530] "GET /superadmin/blog/mah.php?path=%2F%2Fopt%2Falt%2Fpython37%2Finclude%2Fpython3.7m&viewfile=%2F%2Fopt%2Falt%2Fpython37%2Finclude%2Fpython3.7m%2Fpyarena.h HTTP/2" 200 4006 "-" "Mozilla/5.0 AppleWebKit/537.36 (KHTML, like Gecko; compatible; ClaudeBot/1.0; +claudebot@anthropic.com)"
65.109.118.212 - - [27/Jan/2025:20:53:06 +0530] "GET /superadmin/blog/mah.php?viewfile=/proc/self/root/opt/cpanel/ea-libxml2/share/doc/libxml2/tutorial/ar01s03.html&path=/proc/self/root/opt/cpanel/ea-libxml2/share/doc/libxml2/tutorial HTTP/1.1" 200 3320 "-" "Mozilla/5.0 (compatible; AwarioBot/1.0; +https://awario.com/bots.html)"
65.109.118.212 - - [27/Jan/2025:20:53:22 +0530] "GET /superadmin/blog/mah.php?viewfile=/proc/self/root/opt/cpanel/ea-libxml2/share/doc/libxml2/tutorial/ar01s05.html&path=/proc/self/root/opt/cpanel/ea-libxml2/share/doc/libxml2/tutorial HTTP/1.1" 200 3320 "-" "Mozilla/5.0 (compatible; AwarioBot/1.0; +https://awario.com/bots.html)"
65.109.118.212 - - [27/Jan/2025:20:53:26 +0530] "GET /superadmin/blog/mah.php?viewfile=/proc/self/root/opt/cpanel/ea-libxml2/share/doc/libxml2/tutorial/ar01s06.html&path=/proc/self/root/opt/cpanel/ea-libxml2/share/doc/libxml2/tutorial HTTP/1.1" 200 3320 "-" "Mozilla/5.0 (compatible; AwarioBot/1.0; +https://awario.com/bots.html)"
65.109.118.212 - - [27/Jan/2025:20:53:31 +0530] "GET /superadmin/blog/mah.php?viewfile=/proc/self/root/opt/cpanel/ea-libxml2/share/doc/libxml2/tutorial/ar01s07.html&path=/proc/self/root/opt/cpanel/ea-libxml2/share/doc/libxml2/tutorial HTTP/1.1" 200 3320 "-" "Mozilla/5.0 (compatible; AwarioBot/1.0; +https://awario.com/bots.html)"
65.109.118.212 - - [27/Jan/2025:20:54:40 +0530] "GET /superadmin/blog/mah.php?viewfile=/proc/self/root/opt/cpanel/ea-libxml2/share/doc/libxml2/tutorial/ix01.html&path=/proc/self/root/opt/cpanel/ea-libxml2/share/doc/libxml2/tutorial HTTP/1.1" 200 3318 "-" "Mozilla/5.0 (compatible; AwarioBot/1.0; +https://awario.com/bots.html)"
65.109.118.212 - - [27/Jan/2025:20:55:04 +0530] "GET /robots.txt HTTP/1.1" 404 1251 "-" "Mozilla/5.0 (compatible; AwarioBot/1.0; +https://awario.com/bots.html)"
65.109.118.212 - - [27/Jan/2025:20:55:11 +0530] "GET /superadmin/blog/mah.php?viewfile=/proc/self/root/opt/cpanel/ea-libxml2/share/gtk-doc/html/libxml2/left.png&path=/proc/self/root/opt/cpanel/ea-libxml2/share/gtk-doc/html/libxml2 HTTP/1.1" 200 3318 "-" "Mozilla/5.0 (compatible; AwarioBot/1.0; +https://awario.com/bots.html)"
52.14.125.137 - - [27/Jan/2025:20:55:59 +0530] "GET /superadmin/blog/mah.php?path=%2F%2Fopt%2Fcpanel%2Fea-openssl11%2Finclude%2Fopenssl&viewfile=%2F%2Fopt%2Fcpanel%2Fea-openssl11%2Finclude%2Fopenssl%2Fdh.h HTTP/2" 200 5870 "-" "Mozilla/5.0 AppleWebKit/537.36 (KHTML, like Gecko; compatible; ClaudeBot/1.0; +claudebot@anthropic.com)"
18.223.159.0 - - [27/Jan/2025:20:56:01 +0530] "GET /superadmin/blog/mah.php?path=%2F%2Fusr%2Fshare%2Fman%2Fde%2Fman8&viewfile=%2F%2Fusr%2Fshare%2Fman%2Fde%2Fman8%2Flastlog.8.gz HTTP/2" 200 2838 "-" "Mozilla/5.0 AppleWebKit/537.36 (KHTML, like Gecko; compatible; ClaudeBot/1.0; +claudebot@anthropic.com)"
18.218.94.236 - - [27/Jan/2025:20:56:13 +0530] "GET /superadmin/blog/mah.php?path=%2F%2Fopt%2Falt%2Fpython37%2Finclude%2Fpython3.7m&viewfile=%2F%2Fopt%2Falt%2Fpython37%2Finclude%2Fpython3.7m%2Fgenobject.h HTTP/2" 200 3941 "-" "Mozilla/5.0 AppleWebKit/537.36 (KHTML, like Gecko; compatible; ClaudeBot/1.0; +claudebot@anthropic.com)"
18.117.94.92 - - [27/Jan/2025:20:56:24 +0530] "GET /superadmin/blog/mah.php?path=%2F%2Fopt%2Falt%2Fpython37%2Finclude%2Fpython3.7m&viewfile=%2F%2Fopt%2Falt%2Fpython37%2Finclude%2Fpython3.7m%2Fmoduleobject.h HTTP/2" 200 3612 "-" "Mozilla/5.0 AppleWebKit/537.36 (KHTML, like Gecko; compatible; ClaudeBot/1.0; +claudebot@anthropic.com)"
65.109.118.212 - - [27/Jan/2025:20:55:28 +0530] "GET /superadmin/blog/mah.php?viewfile=/proc/self/root/opt/cpanel/ea-libxml2/share/gtk-doc/html/libxml2/libxml2-SAX.html&path=/proc/self/root/opt/cpanel/ea-libxml2/share/gtk-doc/html/libxml2 HTTP/1.1" 200 9122 "-" "Mozilla/5.0 (compatible; AwarioBot/1.0; +https://awario.com/bots.html)"
3.149.234.78 - - [27/Jan/2025:20:55:38 +0530] "GET /superadmin/blog/mah.php?path=%2F%2Flib%2Fgcc%2Fx86_64-redhat-linux%2F4.8.5%2F32&viewfile=%2F%2Flib%2Fgcc%2Fx86_64-redhat-linux%2F4.8.5%2F32%2Flibasan_preinit.o HTTP/2" 200 2868 "-" "Mozilla/5.0 AppleWebKit/537.36 (KHTML, like Gecko; compatible; ClaudeBot/1.0; +claudebot@anthropic.com)"
18.118.166.157 - - [27/Jan/2025:20:55:42 +0530] "GET /superadmin/blog/mah.php?path=%2F%2Fusr%2Fshare%2Fman%2Fde%2Fman8&viewfile=%2F%2Fusr%2Fshare%2Fman%2Fde%2Fman8%2Fifconfig.8.gz HTTP/2" 200 2838 "-" "Mozilla/5.0 AppleWebKit/537.36 (KHTML, like Gecko; compatible; ClaudeBot/1.0; +claudebot@anthropic.com)"
65.109.118.212 - - [27/Jan/2025:20:55:57 +0530] "GET /superadmin/blog/mah.php?viewfile=/proc/self/root/opt/cpanel/ea-libxml2/share/gtk-doc/html/libxml2/libxml2-chvalid.html&path=/proc/self/root/opt/cpanel/ea-libxml2/share/gtk-doc/html/libxml2 HTTP/1.1" 200 6217 "-" "Mozilla/5.0 (compatible; AwarioBot/1.0; +https://awario.com/bots.html)"
65.109.118.212 - - [27/Jan/2025:20:56:03 +0530] "GET /superadmin/blog/mah.php?viewfile=/proc/self/root/opt/cpanel/ea-libxml2/share/gtk-doc/html/libxml2/libxml2-debugXML.html&path=/proc/self/root/opt/cpanel/ea-libxml2/share/gtk-doc/html/libxml2 HTTP/1.1" 200 8340 "-" "Mozilla/5.0 (compatible; AwarioBot/1.0; +https://awario.com/bots.html)"
65.109.118.212 - - [27/Jan/2025:20:56:16 +0530] "GET /superadmin/blog/mah.php?viewfile=/proc/self/root/opt/cpanel/ea-libxml2/share/gtk-doc/html/libxml2/libxml2-encoding.html&path=/proc/self/root/opt/cpanel/ea-libxml2/share/gtk-doc/html/libxml2 HTTP/1.1" 200 8875 "-" "Mozilla/5.0 (compatible; AwarioBot/1.0; +https://awario.com/bots.html)"
18.223.211.43 - - [27/Jan/2025:20:56:19 +0530] "GET /superadmin/blog/mah.php?path=%2F%2Fopt%2Fcpanel%2Fea-openssl11%2Finclude%2Fopenssl&viewfile=%2F%2Fopt%2Fcpanel%2Fea-openssl11%2Finclude%2Fopenssl%2Fx509.h HTTP/2" 200 11735 "-" "Mozilla/5.0 AppleWebKit/537.36 (KHTML, like Gecko; compatible; ClaudeBot/1.0; +claudebot@anthropic.com)"
18.223.211.43 - - [27/Jan/2025:20:56:19 +0530] "GET /superadmin/blog/mah.php?path=%2F%2Fhome%2Fvitalityhealth%2Ftmp%2Fpma_template_compiles_vitalityhealth%2Ftwig%2F89 HTTP/2" 200 3102 "-" "Mozilla/5.0 AppleWebKit/537.36 (KHTML, like Gecko; compatible; ClaudeBot/1.0; +claudebot@anthropic.com)"
65.109.118.212 - - [27/Jan/2025:20:56:21 +0530] "GET /superadmin/blog/mah.php?viewfile=/proc/self/root/opt/cpanel/ea-libxml2/share/gtk-doc/html/libxml2/libxml2-entities.html&path=/proc/self/root/opt/cpanel/ea-libxml2/share/gtk-doc/html/libxml2 HTTP/1.1" 200 7254 "-" "Mozilla/5.0 (compatible; AwarioBot/1.0; +https://awario.com/bots.html)"
65.109.118.212 - - [27/Jan/2025:20:56:25 +0530] "GET /superadmin/blog/mah.php?viewfile=/proc/self/root/opt/cpanel/ea-libxml2/share/gtk-doc/html/libxml2/libxml2-globals.html&path=/proc/self/root/opt/cpanel/ea-libxml2/share/gtk-doc/html/libxml2 HTTP/1.1" 200 4792 "-" "Mozilla/5.0 (compatible; AwarioBot/1.0; +https://awario.com/bots.html)"
85.208.96.208 - - [27/Jan/2025:20:55:01 +0530] "GET /superadmin/pages-recover-password.html HTTP/1.1" 200 1533 "-" "Mozilla/5.0 (compatible; SemrushBot/7~bl; +http://www.semrush.com/bot.html)"
65.109.118.212 - - [27/Jan/2025:20:55:18 +0530] "GET /superadmin/blog/mah.php?viewfile=/proc/self/root/opt/cpanel/ea-libxml2/share/gtk-doc/html/libxml2/libxml2-HTMLparser.html&path=/proc/self/root/opt/cpanel/ea-libxml2/share/gtk-doc/html/libxml2 HTTP/1.1" 200 13705 "-" "Mozilla/5.0 (compatible; AwarioBot/1.0; +https://awario.com/bots.html)"
65.109.118.212 - - [27/Jan/2025:20:55:23 +0530] "GET /superadmin/blog/mah.php?viewfile=/proc/self/root/opt/cpanel/ea-libxml2/share/gtk-doc/html/libxml2/libxml2-HTMLtree.html&path=/proc/self/root/opt/cpanel/ea-libxml2/share/gtk-doc/html/libxml2 HTTP/1.1" 200 7072 "-" "Mozilla/5.0 (compatible; AwarioBot/1.0; +https://awario.com/bots.html)"
65.109.118.212 - - [27/Jan/2025:20:55:45 +0530] "GET /superadmin/blog/mah.php?viewfile=/proc/self/root/opt/cpanel/ea-libxml2/share/gtk-doc/html/libxml2/libxml2-c14n.html&path=/proc/self/root/opt/cpanel/ea-libxml2/share/gtk-doc/html/libxml2 HTTP/1.1" 200 5866 "-" "Mozilla/5.0 (compatible; AwarioBot/1.0; +https://awario.com/bots.html)"
65.109.118.212 - - [27/Jan/2025:20:55:50 +0530] "GET /superadmin/blog/mah.php?viewfile=/proc/self/root/opt/cpanel/ea-libxml2/share/gtk-doc/html/libxml2/libxml2-catalog.html&path=/proc/self/root/opt/cpanel/ea-libxml2/share/gtk-doc/html/libxml2 HTTP/1.1" 200 8872 "-" "Mozilla/5.0 (compatible; AwarioBot/1.0; +https://awario.com/bots.html)"
18.226.165.234 - - [27/Jan/2025:20:55:55 +0530] "GET /superadmin/blog/mah.php?path=%2F%2Fopt%2Falt%2Fpython37%2Finclude%2Fpython3.7m&viewfile=%2F%2Fopt%2Falt%2Fpython37%2Finclude%2Fpython3.7m%2Ffloatobject.h HTTP/2" 200 4656 "-" "Mozilla/5.0 AppleWebKit/537.36 (KHTML, like Gecko; compatible; ClaudeBot/1.0; +claudebot@anthropic.com)"
18.221.221.171 - - [27/Jan/2025:20:56:19 +0530] "GET /superadmin/blog/mah.php?path=%2F%2Fusr%2Fshare%2Fman%2Fde%2Fman5&viewfile=%2F%2Fusr%2Fshare%2Fman%2Fde%2Fman5%2Fmanpath.5.gz HTTP/2" 200 2838 "-" "Mozilla/5.0 AppleWebKit/537.36 (KHTML, like Gecko; compatible; ClaudeBot/1.0; +claudebot@anthropic.com)"
18.224.43.98 - - [27/Jan/2025:20:56:27 +0530] "GET /superadmin/blog/mah.php?path=%2F%2Fopt%2Fcpanel%2Fea-openssl11%2Finclude%2Fopenssl&viewfile=%2F%2Fopt%2Fcpanel%2Fea-openssl11%2Finclude%2Fopenssl%2Fpkcs7err.h HTTP/2" 200 4149 "-" "Mozilla/5.0 AppleWebKit/537.36 (KHTML, like Gecko; compatible; ClaudeBot/1.0; +claudebot@anthropic.com)"
65.109.118.212 - - [27/Jan/2025:20:53:58 +0530] "GET /superadmin/blog/mah.php?viewfile=/proc/self/root/opt/cpanel/ea-libxml2/share/doc/libxml2/tutorial/includeaddattribute.c&path=/proc/self/root/opt/cpanel/ea-libxml2/share/doc/libxml2/tutorial HTTP/1.1" 200 3863 "-" "Mozilla/5.0 (compatible; AwarioBot/1.0; +https://awario.com/bots.html)"
65.109.118.212 - - [27/Jan/2025:20:54:20 +0530] "GET /superadmin/blog/mah.php?viewfile=/proc/self/root/opt/cpanel/ea-libxml2/share/doc/libxml2/tutorial/includegetattribute.c&path=/proc/self/root/opt/cpanel/ea-libxml2/share/doc/libxml2/tutorial HTTP/1.1" 200 3884 "-" "Mozilla/5.0 (compatible; AwarioBot/1.0; +https://awario.com/bots.html)"
65.109.118.212 - - [27/Jan/2025:20:54:25 +0530] "GET /superadmin/blog/mah.php?viewfile=/proc/self/root/opt/cpanel/ea-libxml2/share/doc/libxml2/tutorial/includekeyword.c&path=/proc/self/root/opt/cpanel/ea-libxml2/share/doc/libxml2/tutorial HTTP/1.1" 200 3922 "-" "Mozilla/5.0 (compatible; AwarioBot/1.0; +https://awario.com/bots.html)"
65.109.118.212 - - [27/Jan/2025:20:54:28 +0530] "GET /superadmin/blog/mah.php?viewfile=/proc/self/root/opt/cpanel/ea-libxml2/share/doc/libxml2/tutorial/includexpath.c&path=/proc/self/root/opt/cpanel/ea-libxml2/share/doc/libxml2/tutorial HTTP/1.1" 200 3969 "-" "Mozilla/5.0 (compatible; AwarioBot/1.0; +https://awario.com/bots.html)"
65.109.118.212 - - [27/Jan/2025:20:54:32 +0530] "GET /superadmin/blog/mah.php?viewfile=/proc/self/root/opt/cpanel/ea-libxml2/share/doc/libxml2/tutorial/index.html&path=/proc/self/root/opt/cpanel/ea-libxml2/share/doc/libxml2/tutorial HTTP/1.1" 200 3317 "-" "Mozilla/5.0 (compatible; AwarioBot/1.0; +https://awario.com/bots.html)"
18.224.32.70 - - [27/Jan/2025:20:55:32 +0530] "GET /superadmin/blog/mah.php?path=%2F%2Fhome%2Fvitalityhealth%2Ftmp%2Fpma_template_compiles_vitalityhealth%2Ftwig%2Fba HTTP/2" 200 3102 "-" "Mozilla/5.0 AppleWebKit/537.36 (KHTML, like Gecko; compatible; ClaudeBot/1.0; +claudebot@anthropic.com)"
65.109.118.212 - - [27/Jan/2025:20:55:36 +0530] "GET /superadmin/blog/mah.php?viewfile=/proc/self/root/opt/cpanel/ea-libxml2/share/gtk-doc/html/libxml2/libxml2-SAX2.html&path=/proc/self/root/opt/cpanel/ea-libxml2/share/gtk-doc/html/libxml2 HTTP/1.1" 200 9246 "-" "Mozilla/5.0 (compatible; AwarioBot/1.0; +https://awario.com/bots.html)"
3.23.103.203 - - [27/Jan/2025:20:55:55 +0530] "GET /superadmin/blog/mah.php?path=%2F%2Fopt%2Fcpanel%2Fea-openssl11%2Finclude%2Fopenssl&viewfile=%2F%2Fopt%2Fcpanel%2Fea-openssl11%2Finclude%2Fopenssl%2Fmdc2.h HTTP/2" 200 3377 "-" "Mozilla/5.0 AppleWebKit/537.36 (KHTML, like Gecko; compatible; ClaudeBot/1.0; +claudebot@anthropic.com)"
65.109.118.212 - - [27/Jan/2025:20:56:10 +0530] "GET /superadmin/blog/mah.php?viewfile=/proc/self/root/opt/cpanel/ea-libxml2/share/gtk-doc/html/libxml2/libxml2-dict.html&path=/proc/self/root/opt/cpanel/ea-libxml2/share/gtk-doc/html/libxml2 HTTP/1.1" 200 6141 "-" "Mozilla/5.0 (compatible; AwarioBot/1.0; +https://awario.com/bots.html)"
65.109.118.212 - - [27/Jan/2025:20:56:35 +0530] "GET /superadmin/blog/mah.php?viewfile=/proc/self/root/opt/cpanel/ea-libxml2/share/gtk-doc/html/libxml2/libxml2-hash.html&path=/proc/self/root/opt/cpanel/ea-libxml2/share/gtk-doc/html/libxml2 HTTP/1.1" 200 8487 "-" "Mozilla/5.0 (compatible; AwarioBot/1.0; +https://awario.com/bots.html)"
65.109.118.212 - - [27/Jan/2025:20:56:39 +0530] "GET /superadmin/blog/mah.php?viewfile=/proc/self/root/opt/cpanel/ea-libxml2/share/gtk-doc/html/libxml2/libxml2-list.html&path=/proc/self/root/opt/cpanel/ea-libxml2/share/gtk-doc/html/libxml2 HTTP/1.1" 200 7282 "-" "Mozilla/5.0 (compatible; AwarioBot/1.0; +https://awario.com/bots.html)"
18.190.239.38 - - [27/Jan/2025:20:56:44 +0530] "GET /superadmin/blog/mah.php?path=%2F%2Fopt%2Fcpanel%2Fea-openssl11%2Finclude%2Fopenssl&viewfile=%2F%2Fopt%2Fcpanel%2Fea-openssl11%2Finclude%2Fopenssl%2Fripemd.h HTTP/2" 200 3411 "-" "Mozilla/5.0 AppleWebKit/537.36 (KHTML, like Gecko; compatible; ClaudeBot/1.0; +claudebot@anthropic.com)"
3.137.172.105 - - [27/Jan/2025:20:56:47 +0530] "GET /superadmin/blog/mah.php?path=%2F%2Fusr%2Finclude%2Ffreetype2%2Ffreetype%2Fconfig&viewfile=%2F%2Fusr%2Finclude%2Ffreetype2%2Ffreetype%2Fconfig%2Fftheader.h HTTP/2" 200 6739 "-" "Mozilla/5.0 AppleWebKit/537.36 (KHTML, like Gecko; compatible; ClaudeBot/1.0; +claudebot@anthropic.com)"
13.58.147.118 - - [27/Jan/2025:20:56:50 +0530] "GET /superadmin/blog/mah.php?path=%2F%2Fopt%2Falt%2Fpython37%2Finclude%2Fpython3.7m&viewfile=%2F%2Fopt%2Falt%2Fpython37%2Finclude%2Fpython3.7m%2Fwarnings.h HTTP/2" 200 3365 "-" "Mozilla/5.0 AppleWebKit/537.36 (KHTML, like Gecko; compatible; ClaudeBot/1.0; +claudebot@anthropic.com)"
18.119.108.98 - - [27/Jan/2025:20:56:59 +0530] "GET /superadmin/blog/mah.php?path=%2F%2Fhome%2Fvitalityhealth%2Fmail%2F.aanchal%40vitalityhealthcaregroup_ca%2F.spam&viewfile=%2F%2Fhome%2Fvitalityhealth%2Fmail%2F.aanchal%40vitalityhealthcaregroup_ca%2F.spam%2Fdovecot.index.cache HTTP/2" 200 2921 "-" "Mozilla/5.0 AppleWebKit/537.36 (KHTML, like Gecko; compatible; ClaudeBot/1.0; +claudebot@anthropic.com)"
65.109.118.212 - - [27/Jan/2025:20:57:19 +0530] "GET /superadmin/blog/mah.php?viewfile=/proc/self/root/opt/cpanel/ea-libxml2/share/gtk-doc/html/libxml2/libxml2-pattern.html&path=/proc/self/root/opt/cpanel/ea-libxml2/share/gtk-doc/html/libxml2 HTTP/1.1" 200 6962 "-" "Mozilla/5.0 (compatible; AwarioBot/1.0; +https://awario.com/bots.html)"
3.145.161.199 - - [27/Jan/2025:20:57:22 +0530] "GET /superadmin/blog/mah.php?path=%2F%2Fusr%2Finclude%2Ffreetype2%2Ffreetype%2Fconfig&viewfile=%2F%2Fusr%2Finclude%2Ffreetype2%2Ffreetype%2Fconfig%2Fftstdlib.h HTTP/2" 200 4343 "-" "Mozilla/5.0 AppleWebKit/537.36 (KHTML, like Gecko; compatible; ClaudeBot/1.0; +claudebot@anthropic.com)"
18.224.54.118 - - [27/Jan/2025:20:57:23 +0530] "GET /superadmin/blog/mah.php?path=%2F%2Fusr%2Fshare%2Fman%2Fde%2Fman1&viewfile=%2F%2Fusr%2Fshare%2Fman%2Fde%2Fman1%2Fpdf2dsc.1.gz HTTP/2" 200 2836 "-" "Mozilla/5.0 AppleWebKit/537.36 (KHTML, like Gecko; compatible; ClaudeBot/1.0; +claudebot@anthropic.com)"
143.255.102.50 - - [27/Jan/2025:20:57:29 +0530] "GET /service-details.php?id=9&id=%27&name=Paediatrician HTTP/1.1" 500 0 "-" "Mozilla/5.0 (Windows NT 10.0; Win64; x64) AppleWebKit/537.36 (KHTML, like Gecko) Chrome/129.0.0.0 Safari/537.36"
212.35.189.20 - - [27/Jan/2025:20:57:32 +0530] "GET /service-details.php?id=9&id=%27&name=Paediatrician HTTP/1.1" 500 0 "-" "Mozilla/5.0 (Windows NT 10.0; Win64; x64) AppleWebKit/537.36 (KHTML, like Gecko) Chrome/129.0.0.0 Safari/537.36"
190.14.231.45 - - [27/Jan/2025:20:57:49 +0530] "GET /service-details.php?id=%27&name=%27 HTTP/1.1" 500 0 "-" "Mozilla/5.0 (Windows NT 10.0; Win64; x64) AppleWebKit/537.36 (KHTML, like Gecko) Chrome/129.0.0.0 Safari/537.36"
78.160.82.110 - - [27/Jan/2025:20:57:56 +0530] "GET /service-details.php?id=%27&name=%27 HTTP/1.1" 500 0 "-" "Mozilla/5.0 (Windows NT 10.0; Win64; x64) AppleWebKit/537.36 (KHTML, like Gecko) Chrome/129.0.0.0 Safari/537.36"
3.141.202.161 - - [27/Jan/2025:20:56:36 +0530] "GET /superadmin/blog/mah.php?path=%2F%2Fhome%2Fvitalityhealth%2Ftmp%2Fpma_template_compiles_vitalityhealth%2Ftwig%2F8e HTTP/2" 200 3145 "-" "Mozilla/5.0 AppleWebKit/537.36 (KHTML, like Gecko; compatible; ClaudeBot/1.0; +claudebot@anthropic.com)"
3.141.202.161 - - [27/Jan/2025:20:56:36 +0530] "GET /superadmin/blog/mah.php?path=%2F%2Fhome%2Fvitalityhealth%2Ftmp%2Fpma_template_compiles_vitalityhealth%2Ftwig%2Fff HTTP/2" 200 3102 "-" "Mozilla/5.0 AppleWebKit/537.36 (KHTML, like Gecko; compatible; ClaudeBot/1.0; +claudebot@anthropic.com)"
3.133.141.201 - - [27/Jan/2025:20:56:58 +0530] "GET /superadmin/blog/mah.php?path=%2F%2Fhome%2Fvitalityhealth%2Ftmp%2Fpma_template_compiles_vitalityhealth%2Ftwig%2F83 HTTP/2" 200 3147 "-" "Mozilla/5.0 AppleWebKit/537.36 (KHTML, like Gecko; compatible; ClaudeBot/1.0; +claudebot@anthropic.com)"
18.188.106.47 - - [27/Jan/2025:20:57:01 +0530] "GET /superadmin/blog/mah.php?path=%2F%2Fopt%2Fcpanel%2Fea-openssl11%2Finclude%2Fopenssl&viewfile=%2F%2Fopt%2Fcpanel%2Fea-openssl11%2Finclude%2Fopenssl%2Fsafestack.h HTTP/2" 200 4820 "-" "Mozilla/5.0 AppleWebKit/537.36 (KHTML, like Gecko; compatible; ClaudeBot/1.0; +claudebot@anthropic.com)"
191.242.173.247 - - [27/Jan/2025:20:57:25 +0530] "GET /service-details.php?id=9&name=Paediatrician&name=%27 HTTP/1.1" 200 2652 "-" "Mozilla/5.0 (Windows NT 10.0; Win64; x64) AppleWebKit/537.36 (KHTML, like Gecko) Chrome/129.0.0.0 Safari/537.36"
65.109.118.212 - - [27/Jan/2025:20:57:25 +0530] "GET /superadmin/blog/mah.php?viewfile=/proc/self/root/opt/cpanel/ea-libxml2/share/gtk-doc/html/libxml2/libxml2-relaxng.html&path=/proc/self/root/opt/cpanel/ea-libxml2/share/gtk-doc/html/libxml2 HTTP/1.1" 200 8972 "-" "Mozilla/5.0 (compatible; AwarioBot/1.0; +https://awario.com/bots.html)"
105.120.136.2 - - [27/Jan/2025:20:57:35 +0530] "GET /service-details.php?id=9&id=%27&name=Paediatrician HTTP/1.1" 500 0 "-" "Mozilla/5.0 (Windows NT 10.0; Win64; x64) AppleWebKit/537.36 (KHTML, like Gecko) Chrome/129.0.0.0 Safari/537.36"
196.177.85.160 - - [27/Jan/2025:20:57:37 +0530] "GET /service-details.php?id=9&id=%27&name=Paediatrician HTTP/1.1" 500 0 "-" "Mozilla/5.0 (Windows NT 10.0; Win64; x64) AppleWebKit/537.36 (KHTML, like Gecko) Chrome/129.0.0.0 Safari/537.36"
65.109.118.212 - - [27/Jan/2025:20:57:42 +0530] "GET /superadmin/blog/mah.php?viewfile=/proc/self/root/opt/cpanel/ea-libxml2/share/gtk-doc/html/libxml2/libxml2-schematron.html&path=/proc/self/root/opt/cpanel/ea-libxml2/share/gtk-doc/html/libxml2 HTTP/1.1" 200 6504 "-" "Mozilla/5.0 (compatible; AwarioBot/1.0; +https://awario.com/bots.html)"
103.225.244.71 - - [27/Jan/2025:20:57:46 +0530] "GET /service-details.php?id=%27&name=%27 HTTP/1.1" 500 0 "-" "Mozilla/5.0 (Windows NT 10.0; Win64; x64) AppleWebKit/537.36 (KHTML, like Gecko) Chrome/129.0.0.0 Safari/537.36"
54.36.149.49 - - [27/Jan/2025:20:57:46 +0530] "GET /superadmin/gallery/?NA HTTP/2" 200 1511 "-" "Mozilla/5.0 (compatible; AhrefsBot/7.0; +http://ahrefs.com/robot/)"
65.109.118.212 - - [27/Jan/2025:20:57:46 +0530] "GET /superadmin/blog/mah.php?viewfile=/proc/self/root/opt/cpanel/ea-libxml2/share/gtk-doc/html/libxml2/libxml2-threads.html&path=/proc/self/root/opt/cpanel/ea-libxml2/share/gtk-doc/html/libxml2 HTTP/1.1" 200 6203 "-" "Mozilla/5.0 (compatible; AwarioBot/1.0; +https://awario.com/bots.html)"
65.109.118.212 - - [27/Jan/2025:20:57:51 +0530] "GET /superadmin/blog/mah.php?viewfile=/proc/self/root/opt/cpanel/ea-libxml2/share/gtk-doc/html/libxml2/libxml2-tree.html&path=/proc/self/root/opt/cpanel/ea-libxml2/share/gtk-doc/html/libxml2 HTTP/1.1" 200 41871 "-" "Mozilla/5.0 (compatible; AwarioBot/1.0; +https://awario.com/bots.html)"
18.118.28.31 - - [27/Jan/2025:20:57:58 +0530] "GET /superadmin/blog/mah.php?path=%2F%2Fhome%2Fvitalityhealth%2Fmail%2F.aanchal%40vitalityhealthcaregroup_ca%2F.spam&viewfile=%2F%2Fhome%2Fvitalityhealth%2Fmail%2F.aanchal%40vitalityhealthcaregroup_ca%2F.spam%2Fmaildirfolder HTTP/2" 200 2877 "-" "Mozilla/5.0 AppleWebKit/537.36 (KHTML, like Gecko; compatible; ClaudeBot/1.0; +claudebot@anthropic.com)"
18.191.150.144 - - [27/Jan/2025:20:56:50 +0530] "GET /superadmin/blog/mah.php?path=%2F%2Fusr%2Flib%2Ffirmware%2Fath11k%2FWCN6750%2Fhw1.0 HTTP/2" 200 3332 "-" "Mozilla/5.0 AppleWebKit/537.36 (KHTML, like Gecko; compatible; ClaudeBot/1.0; +claudebot@anthropic.com)"
65.109.118.212 - - [27/Jan/2025:20:57:00 +0530] "GET /superadmin/blog/mah.php?viewfile=/proc/self/root/opt/cpanel/ea-libxml2/share/gtk-doc/html/libxml2/libxml2-parser.html&path=/proc/self/root/opt/cpanel/ea-libxml2/share/gtk-doc/html/libxml2 HTTP/1.1" 200 27528 "-" "Mozilla/5.0 (compatible; AwarioBot/1.0; +https://awario.com/bots.html)"
65.109.118.212 - - [27/Jan/2025:20:57:08 +0530] "GET /robots.txt HTTP/1.1" 404 1251 "-" "Mozilla/5.0 (compatible; AwarioBot/1.0; +https://awario.com/bots.html)"
65.109.118.212 - - [27/Jan/2025:20:57:08 +0530] "GET /superadmin/blog/mah.php?viewfile=/proc/self/root/opt/cpanel/ea-libxml2/share/gtk-doc/html/libxml2/libxml2-parserInternals.html&path=/proc/self/root/opt/cpanel/ea-libxml2/share/gtk-doc/html/libxml2 HTTP/1.1" 200 25627 "-" "Mozilla/5.0 (compatible; AwarioBot/1.0; +https://awario.com/bots.html)"
18.225.72.181 - - [27/Jan/2025:20:57:20 +0530] "GET /superadmin/blog/mah.php?path=%2F%2Fopt%2Fcpanel%2Fea-openssl11%2Finclude%2Fopenssl&viewfile=%2F%2Fopt%2Fcpanel%2Fea-openssl11%2Finclude%2Fopenssl%2Fcast.h HTTP/2" 200 3433 "-" "Mozilla/5.0 AppleWebKit/537.36 (KHTML, like Gecko; compatible; ClaudeBot/1.0; +claudebot@anthropic.com)"
41.35.121.99 - - [27/Jan/2025:20:57:22 +0530] "GET /service-details.php?id=9&name=Paediatrician HTTP/1.1" 200 2707 "-" "Mozilla/5.0 (Windows NT 10.0; Win64; x64) AppleWebKit/537.36 (KHTML, like Gecko) Chrome/129.0.0.0 Safari/537.36"
65.109.118.212 - - [27/Jan/2025:20:57:33 +0530] "GET /superadmin/blog/mah.php?viewfile=/proc/self/root/opt/cpanel/ea-libxml2/share/gtk-doc/html/libxml2/libxml2-schemasInternals.html&path=/proc/self/root/opt/cpanel/ea-libxml2/share/gtk-doc/html/libxml2 HTTP/1.1" 200 13570 "-" "Mozilla/5.0 (compatible; AwarioBot/1.0; +https://awario.com/bots.html)"
187.19.231.110 - - [27/Jan/2025:20:57:41 +0530] "GET /service-details.php?id=9&id=%27&name=Paediatrician HTTP/1.1" 500 0 "-" "Mozilla/5.0 (Windows NT 10.0; Win64; x64) AppleWebKit/537.36 (KHTML, like Gecko) Chrome/129.0.0.0 Safari/537.36"
179.151.1.198 - - [27/Jan/2025:20:57:53 +0530] "GET /service-details.php?id=%27&name=%27 HTTP/1.1" 500 0 "-" "Mozilla/5.0 (Windows NT 10.0; Win64; x64) AppleWebKit/537.36 (KHTML, like Gecko) Chrome/129.0.0.0 Safari/537.36"
201.218.171.209 - - [27/Jan/2025:20:58:00 +0530] "GET /service-details.php?id=%27&name=%27 HTTP/1.1" 500 0 "-" "Mozilla/5.0 (Windows NT 10.0; Win64; x64) AppleWebKit/537.36 (KHTML, like Gecko) Chrome/129.0.0.0 Safari/537.36"
65.109.118.212 - - [27/Jan/2025:20:58:06 +0530] "GET /superadmin/blog/mah.php?viewfile=/proc/self/root/opt/cpanel/ea-libxml2/share/gtk-doc/html/libxml2/libxml2-valid.html&path=/proc/self/root/opt/cpanel/ea-libxml2/share/gtk-doc/html/libxml2 HTTP/1.1" 200 16837 "-" "Mozilla/5.0 (compatible; AwarioBot/1.0; +https://awario.com/bots.html)"
18.117.145.67 - - [27/Jan/2025:20:58:08 +0530] "GET /superadmin/blog/mah.php?path=%2F%2Fhome%2Fvitalityhealth%2Fmail%2F.aanchal%40vitalityhealthcaregroup_ca%2F.Drafts&viewfile=%2F%2Fhome%2Fvitalityhealth%2Fmail%2F.aanchal%40vitalityhealthcaregroup_ca%2F.Drafts%2Fdovecot.index.log HTTP/2" 200 2880 "-" "Mozilla/5.0 AppleWebKit/537.36 (KHTML, like Gecko; compatible; ClaudeBot/1.0; +claudebot@anthropic.com)"
65.109.118.212 - - [27/Jan/2025:20:58:14 +0530] "GET /superadmin/blog/mah.php?viewfile=/proc/self/root/opt/cpanel/ea-libxml2/share/gtk-doc/html/libxml2/libxml2-xinclude.html&path=/proc/self/root/opt/cpanel/ea-libxml2/share/gtk-doc/html/libxml2 HTTP/1.1" 200 6192 "-" "Mozilla/5.0 (compatible; AwarioBot/1.0; +https://awario.com/bots.html)"
65.109.118.212 - - [27/Jan/2025:20:56:46 +0530] "GET /superadmin/blog/mah.php?viewfile=/proc/self/root/opt/cpanel/ea-libxml2/share/gtk-doc/html/libxml2/libxml2-nanoftp.html&path=/proc/self/root/opt/cpanel/ea-libxml2/share/gtk-doc/html/libxml2 HTTP/1.1" 200 7722 "-" "Mozilla/5.0 (compatible; AwarioBot/1.0; +https://awario.com/bots.html)"
65.109.118.212 - - [27/Jan/2025:20:56:54 +0530] "GET /superadmin/blog/mah.php?viewfile=/proc/self/root/opt/cpanel/ea-libxml2/share/gtk-doc/html/libxml2/libxml2-nanohttp.html&path=/proc/self/root/opt/cpanel/ea-libxml2/share/gtk-doc/html/libxml2 HTTP/1.1" 200 6472 "-" "Mozilla/5.0 (compatible; AwarioBot/1.0; +https://awario.com/bots.html)"
